{"id":329,"date":"2020-04-18T00:42:20","date_gmt":"2020-04-17T22:42:20","guid":{"rendered":"https:\/\/www.vivinuovo.it\/vivinuovoshop\/?post_type=product&#038;p=329"},"modified":"2020-04-24T17:27:03","modified_gmt":"2020-04-24T15:27:03","slug":"riequilibrio-e-benessere-del-5-chakra","status":"publish","type":"product","link":"https:\/\/vivinuovo.com\/shop\/prodotto\/riequilibrio-e-benessere-del-5-chakra\/","title":{"rendered":"Riequilibrio e benessere del 5\u00b0 Chakra"},"content":{"rendered":"<p><img decoding=\"async\" loading=\"lazy\" class=\"wp-image-323 size-medium alignleft\" src=\"https:\/\/vivinuovo.com\/shop\/wp-content\/uploads\/2019\/04\/health_way_5chakra_8bit_lr-300x224.jpg\" alt=\"\" width=\"300\" height=\"224\" srcset=\"https:\/\/vivinuovo.com\/shop\/wp-content\/uploads\/2019\/04\/health_way_5chakra_8bit_lr-300x224.jpg 300w, https:\/\/vivinuovo.com\/shop\/wp-content\/uploads\/2019\/04\/health_way_5chakra_8bit_lr.jpg 600w\" sizes=\"(max-width: 300px) 100vw, 300px\" \/><\/p>\n<p>Il <strong>Vishuddha chakra<\/strong> si trova alla base della gola ed \u00e8 collegato alla comunicazione, sia con gli altri che con te stesso, e alle emozioni che ne derivano.<\/p>\n<p><strong>Il colore di questo chakra \u00e8 l\u2019azzurro e simboleggia la trasparenza<\/strong>. Quando questo chakra \u00e8 aperto, infatti, riesci a esprimerti in modo chiaro e limpido, con tatto, senza offendere. La tua voce \u00e8 calma e rilassata, sai ascoltare gli altri e riesci sempre ad esprimere quello che pensi e a lasciarti andare.<\/p>\n<p>Rigenerando e riequilibrando questo chakra attraverso la frequenza, svilupperai una grande creativit\u00e0, che \u00e8 un mezzo molto potente per esprimere s\u00e9 stessi. I tuoi rapporti sociali saranno piacevoli e distesi, senza pregiudizio alcuno. Svilupperai inoltre un&#8217;alta capacit\u00e0 di\u00a0<strong>concentrazione <\/strong>oltre che l\u2019apprendimento diventa pi\u00f9 veloce ed efficace.<\/p>\n<p>Quando <b>questo chakra<\/b> \u00e8 frenato farai molta fatica ad esprimerti bene con te stesso e con gli altri: sarai incapace di dire di no, sarai timido, impacciato, oltre che reprimerai la tua creativit\u00e0 sia a livello vocale che manuale.<\/p>\n<p>Ovviamente tutto questo porter\u00e0 a una situazione di <strong>profondo disagio<\/strong> che pu\u00f2 essere il punto di inizio per una tua chiusura totale verso te stesso e il mondo che ti circonda e cosa pi\u00f9 grave vivere nella menzogna.<\/p>\n<p>A livello fisico un basso livello energetico del chakra si riversa sulla <strong>tiroide<\/strong>, sulla respirazione e agli organi collegati, asma, bronchite, afte alla bocca, disturbi del linguaggio ma anche otiti e dolori alle orecchie.<\/p>\n<p><strong>Scoprirai quindi con la Frequenza di Riequilibrio e Benessere del 5\u00b0 Chakra, quanti benefici riuscirai ad ottenere, semplicemente ascoltandola!<\/strong><\/p>\n<p><strong>Come prepararsi all\u2019ascolto.<\/strong><\/p>\n<p>La frequenza esprime il suo massimo potenziale se ascoltata in cuffia; prima di ascoltare esprimi l\u2019intento (a voce o mentalmente) che queste frequenze andranno a riequilibrare lo stato energetico dei tuoi chakra, liberando le energie negative e aprendoti alle energie di alta frequenza, dopodich\u00e9 respira con calma e trova una posizione comoda. Inoltre una corretta respirazione diaframmale ti permetter\u00e0 di agevolare il lavoro delle frequenze.<\/p>\n<p>\u00c8 molto semplice: con la pratica ti accorgerai di quanto sia facile!<\/p>\n<p>Assumi una posizione comoda e quando sarai pronto chiudi gli occhi. Lascia che la tua mente venga cullata dalle frequenze e sentirai che l\u2019energia e il benessere inizieranno a pervadere ogni piano (fisico, mentale, emotivo e spirituale). Non dovrai fare altro che ascoltare e percepire come le frequenze agiscono. Non ci sono effetti collaterali: potranno emergere ricordi, emozioni, sintomi fisici, ma ricorda che sono tutti aspetti che saranno rigenerati e riattivati per il tuo massimo bene.<\/p>\n<p>Quando la sessione sar\u00e0 terminata, ti consigliamo di annotare le sensazioni che hai vissuto, cos\u00ec, volta dopo volta, sarai consapevole dei notevoli progressi che avrai compiuto.<\/p>\n<p>Durata audio: circa 34 minuti<\/p>\n<p>Nota Bene: gli audio sono in formato digitale che scaricherai direttamente sul tuo dispositivo<\/p>\n","protected":false},"excerpt":{"rendered":"<p>Questo audio ti dar\u00e0 l\u2019opportunit\u00e0 di riequilibrare e rigenerare il 5\u00b0 Chakra, in modo semplice e sicuro. Quali saranno i benefici che incontrerai ascoltando questa frequenza?<\/p>\n","protected":false},"featured_media":323,"comment_status":"open","ping_status":"closed","template":"","meta":[],"product_cat":[24,30],"product_tag":[32,31],"_links":{"self":[{"href":"https:\/\/vivinuovo.com\/shop\/wp-json\/wp\/v2\/product\/329"}],"collection":[{"href":"https:\/\/vivinuovo.com\/shop\/wp-json\/wp\/v2\/product"}],"about":[{"href":"https:\/\/vivinuovo.com\/shop\/wp-json\/wp\/v2\/types\/product"}],"replies":[{"embeddable":true,"href":"https:\/\/vivinuovo.com\/shop\/wp-json\/wp\/v2\/comments?post=329"}],"wp:featuredmedia":[{"embeddable":true,"href":"https:\/\/vivinuovo.com\/shop\/wp-json\/wp\/v2\/media\/323"}],"wp:attachment":[{"href":"https:\/\/vivinuovo.com\/shop\/wp-json\/wp\/v2\/media?parent=329"}],"wp:term":[{"taxonomy":"product_cat","embeddable":true,"href":"https:\/\/vivinuovo.com\/shop\/wp-json\/wp\/v2\/product_cat?post=329"},{"taxonomy":"product_tag","embeddable":true,"href":"https:\/\/vivinuovo.com\/shop\/wp-json\/wp\/v2\/product_tag?post=329"}],"curies":[{"name":"wp","href":"https:\/\/api.w.org\/{rel}","templated":true}]}}