{"id":330,"date":"2020-04-18T00:43:56","date_gmt":"2020-04-17T22:43:56","guid":{"rendered":"https:\/\/www.vivinuovo.it\/vivinuovoshop\/?post_type=product&#038;p=330"},"modified":"2020-04-24T17:26:06","modified_gmt":"2020-04-24T15:26:06","slug":"riequilibrio-e-benessere-del-6-chakra","status":"publish","type":"product","link":"https:\/\/vivinuovo.com\/shop\/prodotto\/riequilibrio-e-benessere-del-6-chakra\/","title":{"rendered":"Riequilibrio e benessere del 6\u00b0 Chakra"},"content":{"rendered":"<p><img decoding=\"async\" loading=\"lazy\" class=\"wp-image-324 size-medium alignleft\" src=\"https:\/\/vivinuovo.com\/shop\/wp-content\/uploads\/2019\/04\/health_way_6chakra_8bit_lr-300x224.jpg\" alt=\"\" width=\"300\" height=\"224\" srcset=\"https:\/\/vivinuovo.com\/shop\/wp-content\/uploads\/2019\/04\/health_way_6chakra_8bit_lr-300x224.jpg 300w, https:\/\/vivinuovo.com\/shop\/wp-content\/uploads\/2019\/04\/health_way_6chakra_8bit_lr.jpg 600w\" sizes=\"(max-width: 300px) 100vw, 300px\" \/><\/p>\n<p>Il chakra del terzo occhio si trova tra le sopracciglia, ed \u00e8 il <strong>simbolo dell\u2019intuizione<\/strong>\u00a0e della vista al di l\u00e0 delle apparenze e al di l\u00e0 anche della stessa realt\u00e0.<\/p>\n<p>\u00c8 collegato agli occhi ma anche alla fronte, alle tempie, al cervello e al midollo spinale. In questo chakra si collegano tutti gli opposti e tutte le <strong>dualit\u00e0<\/strong>, come il maschile e il femminile, la ragione e l\u2019intuizione, la forma e la sostanza, il corpo e la mente, il buono e il cattivo.<\/p>\n<p>E il terzo occhio vede quello che esiste oltre a questi concetti,\u00a0<strong>dissolvendo le dualit\u00e0 per arrivare a scorgere la vera realt\u00e0.<\/strong><\/p>\n<p>Rigenerando e riequilibrando questo chakra attraverso la frequenza, <strong>entrerai in sintonia con il tuo S\u00e9 superiore<\/strong>. Diventerai intuitivo, consapevole, concentrato e altamente percettivo. Sarai in grado di visualizzare i pensieri e le immagini, l\u2019empatia si amplifica.<\/p>\n<p><strong>Vedrai il mondo per ci\u00f2 che \u00e8<\/strong>, nella sua energia e nella sua spiritualit\u00e0, con saggezza e senza pregiudizi. Riuscirai a guardare oltre le apparenze tutto ci\u00f2 che ti circonda.<\/p>\n<p>Quando\u00a0<strong>l\u2019Ajna<\/strong> \u00e8 frenato, diventi egoista, cinico, materialista, freddo e calcolatore. Ti fiderai solo ed esclusivamente di quello che vedono i tuoi occhi senza andare oltre le apparenze. Avrai difficolt\u00e0 a sognare e progettare il tuo futuro.<\/p>\n<p>A livello fisico sar\u00e0 la testa ad essere colpita: mal di testa, emicrania, stanchezza, insonnia, nevrosi, dolori agli occhi.<\/p>\n<p>\u00c8 importante quindi che anche questo chakra sia sempre equilibrato per mantenere la serenit\u00e0 interiore e un rapporto stabile con gli altri.<\/p>\n<p><strong>Scoprirai quindi con la Frequenza di Riequilibrio e Benessere del 6\u00b0 Chakra, quanti benefici riuscirai ad ottenere, semplicemente ascoltandola!<\/strong><\/p>\n<p><strong>Come prepararsi all\u2019ascolto.<\/strong><\/p>\n<p>La frequenza esprime il suo massimo potenziale se ascoltata in cuffia; prima di ascoltare esprimi l\u2019intento (a voce o mentalmente) che queste frequenze andranno a riequilibrare lo stato energetico dei tuoi chakra, liberando le energie negative e aprendoti alle energie di alta frequenza, dopodich\u00e9 respira con calma e trova una posizione comoda. Inoltre una corretta respirazione diaframmale ti permetter\u00e0 di agevolare il lavoro delle frequenze.<\/p>\n<p>\u00c8 molto semplice: con la pratica ti accorgerai di quanto sia facile!<\/p>\n<p>Assumi una posizione comoda e quando sarai pronto chiudi gli occhi. Lascia che la tua mente venga cullata dalle frequenze e sentirai che l\u2019energia e il benessere inizieranno a pervadere ogni piano (fisico, mentale, emotivo e spirituale). Non dovrai fare altro che ascoltare e percepire come le frequenze agiscono. Non ci sono effetti collaterali: potranno emergere ricordi, emozioni, sintomi fisici, ma ricorda che sono tutti aspetti che saranno rigenerati e riattivati per il tuo massimo bene.<\/p>\n<p>Quando la sessione sar\u00e0 terminata, ti consigliamo di annotare le sensazioni che hai vissuto, cos\u00ec, volta dopo volta, sarai consapevole dei notevoli progressi che avrai compiuto.<\/p>\n<p>Durata audio: circa 34 minuti<\/p>\n<p>Nota Bene: gli audio sono in formato digitale che scaricherai direttamente sul tuo dispositivo<\/p>\n","protected":false},"excerpt":{"rendered":"<p>Questo audio ti dar\u00e0 l\u2019opportunit\u00e0 di riequilibrare e rigenerare il 6\u00b0 Chakra, in modo semplice e sicuro. Quali saranno i benefici che incontrerai ascoltando questa frequenza?<\/p>\n","protected":false},"featured_media":324,"comment_status":"open","ping_status":"closed","template":"","meta":[],"product_cat":[24,30],"product_tag":[32,31],"_links":{"self":[{"href":"https:\/\/vivinuovo.com\/shop\/wp-json\/wp\/v2\/product\/330"}],"collection":[{"href":"https:\/\/vivinuovo.com\/shop\/wp-json\/wp\/v2\/product"}],"about":[{"href":"https:\/\/vivinuovo.com\/shop\/wp-json\/wp\/v2\/types\/product"}],"replies":[{"embeddable":true,"href":"https:\/\/vivinuovo.com\/shop\/wp-json\/wp\/v2\/comments?post=330"}],"wp:featuredmedia":[{"embeddable":true,"href":"https:\/\/vivinuovo.com\/shop\/wp-json\/wp\/v2\/media\/324"}],"wp:attachment":[{"href":"https:\/\/vivinuovo.com\/shop\/wp-json\/wp\/v2\/media?parent=330"}],"wp:term":[{"taxonomy":"product_cat","embeddable":true,"href":"https:\/\/vivinuovo.com\/shop\/wp-json\/wp\/v2\/product_cat?post=330"},{"taxonomy":"product_tag","embeddable":true,"href":"https:\/\/vivinuovo.com\/shop\/wp-json\/wp\/v2\/product_tag?post=330"}],"curies":[{"name":"wp","href":"https:\/\/api.w.org\/{rel}","templated":true}]}}